Let d be 20/6*(-243)/(-405). Let b(m) = 35*m**2 + 0*m + m + 2*m - 12. What are the prime factors of b(d)?
2, 67
Suppose 4*t = 0, 3*x - 3*t + 5 = 35. Suppose 14*i + x*i - 6360 = 0. What are the prime factors of i?
5, 53
Suppose -5*a + 79*a = -90*a + 923484. List the prime factors of a.
3, 1877
Suppose -117*c = -126*c + 45. Let d be (-4)/6 + 16/6. Suppose -d*p - c*y + 135 = 0, 12 = -p + 2*y + 102. What are the prime factors of p?
2, 5
Let r = -4330 - -8448. What are the prime factors of r?
2, 29, 71
Let s = 266 - 102. Let g = 528 + s. What are the prime factors of g?
2, 173
Let m = 9 - 1. Let g = -6 + m. Suppose 0 = -g*f + 4*b + 26, -2*f + b = 6*b - 62. What are the prime factors of f?
3, 7
Let p = -1206 - -656. Let q = 932 + p. List the prime factors of q.
2, 191
Let d = 8660 + 2294. List the prime factors of d.
2, 5477
Suppose 0 = 8*c - 9*c - 3. List the prime factors of (-510)/c + -5 + 7 + -2.
2, 5, 17
Let b(o) = -5*o**3 - 11*o**2 + 5*o + 22. What are the prime factors of b(-5)?
347
Suppose -5*x = -5*r + 1 - 41, 2*r - 11 = -x. Let b(h) = -50*h + 950. Let f be b(19). Suppose u - 109 + x = f. What are the prime factors of u?
2, 5
Let z = 12579 - 4793. List the prime factors of z.
2, 17, 229
Let y(w) = -w**2 - 5*w - 2. Let z be y(-3). Let x be 6*27 - 14/(49/(-7)). List the prime factors of (x/8)/(6/z - 1).
41
Let v(h) = -h**3 + 5*h**2 + h + 7. Suppose 4*g - g - 35 = -5*c, 3*c - 27 = -3*g. Suppose 0 = c*u + 4 - 24. List the prime factors of v(u).
2, 3
Let t = -22608 + 34473. List the prime factors of t.
3, 5, 7, 113
Let h(k) = -1070*k + 39. What are the prime factors of h(-1)?
1109
List the prime factors of (-84)/28 + (-10)/6 + 249798/18.
13873
Let j(v) = -v**2 + 25*v - 165. Let s(d) = -13*d + 83. Let k(g) = -3*j(g) - 5*s(g). What are the prime factors of k(8)?
2, 3
Suppose 0 = -g + 5*s - 3096 + 13834, -10748 = -g - 5*s. What are the prime factors of g?
3, 3581
Let m(g) = g**2 + g - 173. Let v be m(0). Let n(l) = -l**2 - 2*l - 40. Let t be n(6). Let j = t - v. List the prime factors of j.
5, 17
Let s(a) be the third derivative of a**5/60 + 35*a**4/24 - 89*a**3/3 + 53*a**2 - 2. What are the prime factors of s(-50)?
2, 11, 13
Let p = -12564 - -21642. List the prime factors of p.
2, 3, 17, 89
Suppose -16*g + 12*g + 12*g - 106832 = 0. List the prime factors of g.
2, 11, 607
Suppose 329850 + 607479 = 100*u - 1849971. List the prime factors of u.
3, 19, 163
Let z(t) = 8*t**2 - 66*t + 929. List the prime factors of z(24).
59, 67
Let r = 203 + -1323. Let z = 1900 + r. What are the prime factors of z?
2, 3, 5, 13
Let p = -34 + 38. Suppose -28*g = -32*g - 4*u + 2644, 3*g - 2011 = p*u. What are the prime factors of g?
5, 7, 19
Let s be (13 + -15)/((-6)/819). Suppose -4*o + 2*w + 294 = 0, 5*w + 0*w - s = -4*o. What are the prime factors of o?
2, 3
Let g = 76 + -80. Let z(a) = -3*a**2 - 5*a - 19. Let r(o) = -o**2 - 2*o - 9. Let y(m) = g*z(m) + 9*r(m). What are the prime factors of y(-6)?
7, 13
Suppose -6152 = 23*a + 4405. List the prime factors of (-642)/9*a/34.
3, 107
Let g(l) = -203*l - 2113. What are the prime factors of g(-68)?
3, 433
Let j(p) = 46*p**2 + 10*p + 57. Let f be j(18). Suppose 7*u = -847 + f. What are the prime factors of u?
2, 1021
Let b = 4051 - -4529. List the prime factors of b.
2, 3, 5, 11, 13
Let j(b) = -b**3 + 8*b**2 + 8*b - 9. Let h be j(-10). Let p = h - 1111. Suppose -g - p = -4*g. List the prime factors of g.
2, 5
Let w(j) = -4071*j + 1883. List the prime factors of w(-8).
47, 733
Suppose 0 = 122*v - 127*v - 3*o + 186417, -5*v + 186459 = -4*o. What are the prime factors of v?
3, 1381
Let w = -162 + 263. Let g(y) = -6*y**2 + w - 32 + 5*y**2 - y + 0*y**2. What are the prime factors of g(0)?
3, 23
Let m = 34 - 34. Suppose 4*v + 417 = -m*f + 5*f, -247 = -3*f + 4*v. Suppose -2*x - f = -7*x. What are the prime factors of x?
17
Let i(l) be the third derivative of l**6/120 + 7*l**5/20 + 19*l**4/24 + 2*l**3/3 + 8*l**2 - 4. What are the prime factors of i(-18)?
2, 317
Let x(c) = -c**3 - 9*c**2 - 24*c - 59. Let r be x(-7). What are the prime factors of -67*r*6/(-6)?
11, 67
Let j(w) = -203 + 6*w**2 + 157 - 10*w**2 + 9*w**2 + w**2 + 5*w. List the prime factors of j(-13).
3, 7, 43
Let i(n) be the third derivative of 13*n**5/60 + 23*n**4/12 + 5*n**3/6 - 3*n**2 - 19. What are the prime factors of i(-11)?
2, 67
Let t(f) = 2203*f + 2157. List the prime factors of t(5).
2, 37, 89
Suppose 5*t + 71 = -24. Let a = t + 93. What are the prime factors of 3828/39 + -3 + a/26?
2, 7
Let j(q) = 7*q + 18. Suppose 5*b = -2*c - 36 - 11, 2*c + 2*b = -32. Let a be j(c). Let s = -47 - a. List the prime factors of s.
2, 3
Let v = 31 - 28. Suppose v*r + r - 3*a - 34 = 0, -10 = -2*r - 2*a. Suppose -2*n = -c + 31, -200 = 2*c - r*c - 5*n. What are the prime factors of c?
37
Suppose -g + s = -s - 10, -2*g + 3*s = -17. Suppose g*i = 5*b - 226 - 580, i - 3*b = -205. Let v = -113 - i. List the prime factors of v.
2, 43
Let s = -14698 - -30476. List the prime factors of s.
2, 7, 23
Let l be (4/(-10))/((-11)/(-2310)). Let k be (8/(-7))/(24/l). Suppose -k*a - 17 + 421 = 0. List the prime factors of a.
101
Let w(n) = -n**3 - 4*n**2 - 9*n - 2. Let j be w(-8). Let z(c) = 217*c + 15. Let k be z(1). Let b = j - k. What are the prime factors of b?
2, 47
Let h be (960/(-420))/((-1)/7). Suppose h*z - 41*z + 30450 = 0. What are the prime factors of z?
2, 3, 7, 29
Let i(p) = -2*p**2 + 1. Let o(z) = -3*z**2 + 12*z - 23. Let a(l) = i(l) + o(l). Let r be a(-14). List the prime factors of r/(-4) - (-26)/(-52).
2, 73
Let t be 100*(-7)/84*-15. Let q = 403 + t. What are the prime factors of q?
2, 3, 11
Let r = -6711 - -8184. What are the prime factors of r?
3, 491
Suppose -4*d - f + 5 = -18, -5*d = f - 28. Let h be 6/9*158*3. Suppose 3*o + h = d*o. What are the prime factors of o?
2, 79
Let x(b) be the third derivative of -b**6/60 - 2*b**5/15 + b**4/12 + b**3/6 - 13*b**2. Let q be (-4 - -3) + (1 - (-4 + 9)). What are the prime factors of x(q)?
41
Suppose 3*u - k = 2*k + 468, -326 = -2*u - 5*k. Let d = 636 + -632. Suppose d = 2*a, a - u = -3*f + 3*a. List the prime factors of f.
2, 3
Let o(r) = 2*r**3 + 13*r**2 + 5*r - 7. Let b be o(-6). What are the prime factors of b - 37630/(-20) - (-3)/2?
2, 941
Let k = 12683 - -18063. What are the prime factors of k?
2, 15373
Let t(x) = -369*x**3 - 45*x**2 - 191*x - 28. List the prime factors of t(-4).
2, 7, 211
Let a = -52 - -56. What are the prime factors of (a/6)/((-2)/(-114))?
2, 19
Suppose 5*w + 5*y - 2071 - 9 = 0, -2*w - 5*y = -835. Let c = -9 - -14. Suppose w = -c*l + 10*l. List the prime factors of l.
83
Let r(k) = -55*k**3 + 4*k**2 + 593*k + 3571. List the prime factors of r(-6).
12037
Suppose 10*z + 73 = 23. Let w be (2 + z)*(-1)/(-3 + 4). Suppose w*x + 5*a = 63 - 1, 4*a = -4*x + 88. What are the prime factors of x?
2, 3
Suppose 3*l = -2*j + 4220 + 11836, 2*l + 5*j = 10704. List the prime factors of l.
2, 3, 223
Let c = 8 - -21. Suppose -3*w - 5*o + c = 0, -5*w + o = -4*w + 1. Suppose -a + 42 = -5*p + 208, w*a = -p + 46. What are the prime factors of p?
2, 17
Suppose -5*i + 2872 + 5120 = 3*i. List the prime factors of i.
3, 37
Suppose 126*t - 20 = 124*t. Suppose 3*a - 551 = -5*y, 0*y = 2*y + t. List the prime factors of a.
2, 3
Let y = 111259 + -74127. List the prime factors of y.
2, 9283
Let u be (-4)/(-3 - (-20)/12). Suppose 145 = 4*b - u*l, -45*l = 3*b - 44*l - 99. What are the prime factors of b?
2, 17
Let d(x) = -x**3 - 9*x**2 + 26*x - 13. Suppose f + 10 = -2*r - 11, 2*f - 57 = 5*r. Let l be d(r). Let v = l - -95. List the prime factors of v.
2, 19
What are the prime factors of ((-27)/(-8) + (-11)/(1056/36))*11893?
3, 7, 1699
Suppose -263 + 242 = -7*i. Suppose 4*d = 2*d + u + 1483, -3*d = -i*u - 2220. List the prime factors of d.
743
List the prime factors of (((-1176)/16)/21)/(12/(-28776)).
7, 11, 109
Let a(w) = 3*w - 18. Let c be a(6). Suppose -6*x = -c*x - 1524. List the prime factors of x.
2, 127
List the prime factors of (2 - 708/16)/(13/(-936)).
2, 3, 13
Suppose 1662744 = 11*l + 76*l. What are the prime factors of l?
2, 2389
Suppose 5*x - 5*n = 167625, 274*x - 5*n = 275*x - 33567. What are the prime factors of x?
2, 83, 101
Let u(q) = 3587*q + 143. Let a(o) = -1195*o - 48. Let x(d) = -7*a(d) - 2*u(d). Let g be x(-5). What are the p